= -16*p + 18*p. Let b = -356 + p. What is the tens digit of b?
6
Suppose -2*v = -609 + 423. What is the tens digit of v?
9
What is the units digit of 5209 - 32/24*(5 + -2)?
5
Suppose 27*h - 1640 = -2*s + 23*h, h - 1652 = -2*s. What is the hundreds digit of s?
8
What is the units digit of (-2)/(9/(-72)*8/226)?
2
Suppose 3*y + 31 + 13 = 4*z, 0 = -5*y + 3*z - 55. Let n = 33 - y. What is the tens digit of n?
4
Let s(m) = -15*m**2 - 2*m - 2. Let j be s(-1). Let w be 20*j*(-3)/36. Suppose 2*l = 3*n - 37, -4*n - n + w = 4*l. What is the units digit of n?
9
Let m(a) = 4*a**2 - 2*a**3 + 4 + 5*a**2 - 4*a**2 + 3*a**3 - 2*a. What is the tens digit of m(-5)?
1
Let x(g) = -32*g - 393. What is the tens digit of x(-23)?
4
Suppose -3*s + 204 = -7*s. Let a = 124 + s. Let x = a + -39. What is the tens digit of x?
3
Let b(x) = 344*x - 31. What is the hundreds digit of b(2)?
6
Let u = -149 + 291. What is the hundreds digit of u?
1
Let y be (-9)/(-6)*2*-1. Let l be 0 - -3 - 2 - y. Let b = l + 3. What is the units digit of b?
7
Suppose 1 - 16 = -15*w. What is the units digit of w*2*(-2)/(-4)?
1
Let r be (-43)/(-9) + (-6)/27*-1. Let g(f) = 2*f**2 + 3*f + 8. What is the tens digit of g(r)?
7
Let j(k) = -3*k**3 - 14*k**2 - 3*k + 9. What is the units digit of j(-7)?
3
Let f(g) = 7*g + 29. Suppose 0 = 2*w - 3*j - 12, 3*j + 30 = -4*w + 8*w. What is the units digit of f(w)?
2
Suppose -66700 = -51*k - 7*k. What is the hundreds digit of k?
1
Let g be 2/(-6) - (-185)/15. Suppose -r = 3*i - g, -2*r + 0*r + 28 = 4*i. What is the units digit of r?
8
Suppose -y + 0*y = 4*u - 64, 0 = -5*u + 3*y + 63. Suppose 0 = 5*o - u, 3*o = -4*g + 7*o - 212. Let r = g - -76. What is the units digit of r?
6
What is the hundreds digit of (3*(-12)/(-27))/((-22)/(-4785))?
2
Let g = -8 - -43. Suppose -4*x = -2*r - 20, -5*x - 9 = -3*r - g. What is the units digit of (6/x)/((-6)/(-12))?
3
Let o = 278 - 150. Let g = -70 + o. Suppose g = v - 5*t, -4*v + 116 = -2*v + 3*t. What is the units digit of v?
8
Let w(f) = 4*f**2 - 1. Let l be w(-1). What is the units digit of 89 + 2 + l + -2?
2
Let f(q) = -37*q + 2. Let g be f(2). What is the tens digit of (g/10)/((-15)/100)?
4
Suppose s + j + 2 = 4, -4*s - j = -23. Suppose 4*c + 3 = s*c. What is the units digit of c?
1
Suppose g = -k - 4*k + 273, -k - 2*g = -60. Suppose -1 = -2*o + 1, 2*o = -y + k. What is the units digit of y?
2
Let n = 21 - 21. Suppose -2*u + 84 = -n*u. Suppose s = d + 4*s - u, -s + 126 = 3*d. What is the tens digit of d?
4
Suppose 0 = 4*w + w - 3155. What is the units digit of w?
1
Suppose -12 = 3*u + 3*y, 0*u - 4*u + y = 11. Let o(s) = -5*s**3 + s**2 - 3*s - 10. What is the hundreds digit of o(u)?
1
Suppose 5*n + 244 = 3*p, 0 = -2*n + 2 + 6. Let z = 145 + -203. Let q = z + p. What is the tens digit of q?
3
Let g = -12 + 17. Suppose 4*j = -o + 39, j - g*o = -2 - 4. What is the units digit of j?
9
Let o(h) = -45*h - 361. What is the tens digit of o(-16)?
5
Let k(d) = d**2 - 28*d - 11. What is the tens digit of k(-9)?
2
Let w(m) = 7*m - 9. Let h be w(2). Suppose 249 + 116 = h*s. What is the tens digit of s?
7
Let r(h) = -h + 15. Let m be r(15). Suppose 2*i = 32 - m. What is the units digit of i?
6
Suppose -57*n + 23175 = -22653. What is the tens digit of n?
0
Suppose -5*u + 11 = 2*b + 28, -2*u = -4*b + 26. Let j(i) = 2*i**3 - 3*i**2 - 5*i - 3. What is the tens digit of j(b)?
5
Let b(s) = s**3 - 35*s**2 - 10*s + 33. What is the tens digit of b(36)?
6
Suppose 10*d = 8*d + 14. Suppose 2*j = -d + 45. What is the units digit of j?
9
Suppose 0 = -4*j + 5*g + 4047, -4*j + 2*g = -4654 + 592. What is the hundreds digit of j?
0
Let q(i) = 42*i**2 + 13*i + 23. What is the thousands digit of q(-8)?
2
Let a(i) = -55*i. Let x(n) = n**2 + 15*n - 1. Let v be x(-15). What is the tens digit of a(v)?
5
Let h(w) = -9*w**3 + 6*w**2 + 8*w - 9. What is the hundreds digit of h(-4)?
6
Suppose -23 + 4 = -m - 4*n, 2*n + 139 = 5*m. Let j = m - -169. What is the hundreds digit of j?
1
Let i = 6 + -14. Let c(g) = g + 9. Let o be c(i). What is the units digit of 2 + 1 + o + -1?
3
Suppose 0 = d + 5*a - 23, 0 = d - 2*a + 4*a - 11. Suppose 0 = n - 2*f - 20, 32 = d*n - f + 2*f. What is the units digit of n?
2
Suppose -30*h + 28575 = -29835. What is the hundreds digit of h?
9
Let k = -10 + -41. Let l = k - -71. What is the tens digit of l?
2
Let n = -8 - -3. Let b(r) = -3*r**3 - 13*r**2 - 2*r + 12. What is the units digit of b(n)?
2
Let z(g) = g**3 + 12*g**2 + 13*g + 16. Suppose -10*w + 44 = -14*w. Let q be z(w). Let s(n) = -8*n - 13. What is the units digit of s(q)?
5
Let m(s) = -3*s**3 - 3*s**2 - 66*s - 10. What is the hundreds digit of m(-6)?
9
Let d be (-2)/8 + (-6)/(-24). Suppose 2*p + o - 32 = d, -4*p + 0*p + o + 64 = 0. What is the tens digit of p?
1
Suppose 330 - 186 = 2*a. What is the units digit of a?
2
Suppose -371 + 1854 = c. What is the units digit of c?
3
Let p(i) = -3*i + 17. Let f = 26 - 31. Let h be p(f). Let d = h + -13. What is the tens digit of d?
1
Suppose 472 + 974 = 3*d. What is the hundreds digit of d?
4
Suppose -5*h = -3*n + 1228, 3043 = 5*n - 3*h + 1007. What is the hundreds digit of n?
4
Let o(s) = s**2 + 7*s - 8. Let g(n) = -n + 7. Let d be g(10). Let w = d - 6. What is the units digit of o(w)?
0
Let n(j) = -j**3 + 13*j**2 - 2*j + 10. Let f be n(13). Let l = f + 173. What is the hundreds digit of l?
1
Let r = 2408 + -1042. What is the hundreds digit of r?
3
Let r = 34 + -32. Suppose 0 = 3*k - r*k - 72. What is the units digit of k?
2
Suppose j - 5*q - 8 = 0, -3*j - q + 74 = j. What is the units digit of 112/6*j/12?
8
Let y(f) = f**2 + 10*f - 16. Let h be y(-9). What is the units digit of (0 + h)/((-14)/(-21) + -1)?
5
Suppose 0 = -3*y + 4*t + 14, 5*y + t = 2*t + 29. Let i(g) = 11*g - 2. What is the tens digit of i(y)?
6
Suppose -3*j + 5*j - 20 = 4*z, -3*z - 5 = j. Suppose 68 = -j*d - 44. What is the units digit of (11/2)/((-7)/d)?
2
Let q(m) = -m**3 - 9*m**2 - 11*m. Let z = 9 + -17. Let v be q(z). Suppose -2*d = 2*w + 3*d - v, -2*w - 2*d + 36 = 0. What is the tens digit of w?
2
Let g = 172 + -119. What is the tens digit of g?
5
Let b(k) be the first derivative of 9*k**2 - 23*k - 14. What is the tens digit of b(8)?
2
Suppose 0 = -29*x + 24*x + 40. Suppose -x*v + 12*v = 32. What is the units digit of v?
8
Suppose 6*p = 8*p - 2752. What is the tens digit of p?
7
Let z(c) = 3*c**2 - 9*c - 10. Let k be z(9). Suppose -4*j = 3*o - 380, -2*j + 4*o = -38 - k. What is the tens digit of j?
9
Suppose -2*z = -727 - 305. Suppose -r + 4*r = z. Suppose 4*k = -5*q + r, 3*k - 3*q = 113 - 11. What is the tens digit of k?
3
Let n(a) be the first derivative of -6*a + 1/3*a**3 + 3 + 7/2*a**2. What is the tens digit of n(-9)?
1
Suppose -4*i - 2*z - 20 = 10, 2*i - 4*z = 0. Let c be 2/(8/i)*-2. Suppose -3*u + 93 = c*q, -36 - 101 = -5*u + q. What is the units digit of u?
8
Let t = 70 + 111. What is the units digit of t?
1
Suppose x - 4*x - 3 = 0. Let t be (6/12)/(x/4). What is the units digit of 11/2 - t/4?
6
Let i(b) = -4*b**3 - 7*b**2 - 9*b + 4. What is the hundreds digit of i(-4)?
1
Suppose 5*z = 9*z - 520. What is the tens digit of 1/((-385)/z - -3)?
2
Let d(u) = -u**2 + 9*u + 3. Let y be d(6). Suppose -8*j = -j - y. Suppose 88 = 2*l - j*r, -r = r + 8. What is the units digit of l?
8
Let o = -488 + 2491. What is the units digit of o?
3
Suppose 11*i = -4*i + 3120. What is the tens digit of i?
0
Suppose j + 5*r - 28 + 179 = 0, -4*r = j + 150. What is the tens digit of j/(-6) - 1/3?
2
Suppose 3*s = 0, -12 = -3*r - r - 4*s. Suppose -4*a - 4*a + 392 = 0. Suppose -a + 178 = r*c. What is the units digit of c?
3
Suppose 0 = -2*l + 6 + 2. Suppose -10 - 6 = l*b. Let g = b - -10. What is the units digit of g?
6
What is the units digit of 718/((168/(-32))/(-21))?
2
What is the hundreds digit of (3 - -1368) + (5 - (4 + 5))?
3
Let l(f) = -2*f + 8. Let w be l(4). Suppose w = 3*y + 2*y - 5*k + 205, -2*y = -k + 85. Let v = -15 - y. What is the units digit of v?
9
Suppose 0 = 5*o - 4*o. Let a be o - (3 - (-3 + 73)). Let n = a + -47. What is the units digit of n?
0
Let l(d) = 258*d - 55. What is the thousands digit of l(14)?
3
Let f = -367 + 964. What is the units digit of f?
7
What is the hundreds digit of 3*((-105240)/(-9))/8?
3
Let a = 112 + -112. Suppose a = 15*f - 5*f - 3140. What i